83. What is the hundreds digit of h?
0
Suppose -889 = -10*d + 8681. What is the units digit of d?
7
Suppose -4*g + 88 = 4*d, -3*d + 8*d = g + 8. Let l = g - -2. Let m = l - 13. What is the units digit of m?
6
Let h(o) = 4*o - 5. Let v be h(-5). Let a = -18 - v. Suppose -2*n - 115 = -a*n. What is the tens digit of n?
2
Let k = -1227 - -1691. What is the hundreds digit of k?
4
Let o(h) = -h**2 - 16*h + 18. Suppose 3*d = -t, 0 = -4*d - 2*t - 0*t. Suppose -4*m - 3*n - 66 = d, -n - 3*n = 8. What is the tens digit of o(m)?
3
Suppose 1480 = 4*m + m - 5*k, 5*m + 5*k = 1470. What is the tens digit of m?
9
Let n = -6 - -4. Let h be (n - -5) + (-8)/(-1). Suppose -h*s + 48 = -7*s. What is the tens digit of s?
1
Suppose 2*d - 8 = -0. Suppose -9*h = -d*h - 75. What is the tens digit of 1 + 5/(h/33)?
1
Suppose 3*c - k = 1677, -432 = -c + 4*k + 116. What is the units digit of c?
0
Let r = 470 - -78. What is the hundreds digit of r?
5
Let w(q) = 9*q - 9. Let d be w(-2). Let l = d + 82. What is the units digit of l?
5
Let r(d) = 202*d**2 - 10*d - 17. What is the units digit of r(-3)?
1
What is the units digit of (4/(-4)*-314)/(8/40)?
0
Suppose -5*p = -p - m - 8861, 11068 = 5*p - 4*m. What is the units digit of p?
6
Let j(m) = -3*m**2 + 35*m - 44. Let f(n) = 2*n**2 - 23*n + 29. Let b(v) = -8*f(v) - 5*j(v). Let x be b(8). What is the units digit of (-160)/(-28) - x/14?
6
Let z = 1602 - 357. What is the tens digit of z?
4
Let i(c) = 37*c**2 + 34*c + 121. What is the tens digit of i(-4)?
7
Let x(c) = 2*c**2 - 284*c + 2*c**2 + 299*c + 1. What is the units digit of x(-6)?
5
Let t be 12/30 + 2333/5. Suppose -3*q = 2*w - 473, 0*w - 2*w + 3*q + t = 0. What is the units digit of w?
5
Let n(v) = -v**3 + 15 - 18 - 6*v**2 + 7. Let y be n(-6). Suppose -y*d + 0*d = -56. What is the units digit of d?
4
Let t be (-4)/((-8)/(-57))*(-30)/(-45). What is the units digit of (-4372)/t + (-16)/152?
0
Let l(z) = -1 - 2*z**2 - 5*z**2 - 6*z + z**2 + 3*z**2. Let u(s) = 7*s**2 + 13*s + 1. Let c(g) = -5*l(g) - 2*u(g). What is the units digit of c(5)?
8
Let z(i) = 25*i - 53. What is the tens digit of z(13)?
7
Suppose 5*j = -10*j + 1710. What is the units digit of j?
4
Let i = -93 - -93. What is the tens digit of i + -4 + (22 - -47)?
6
Let d(u) = u**3 + 12*u**2 - u + 2. Let o be d(-5). Suppose 3*a - o + 5 = 0. What is the units digit of a?
9
Let y = -72 - -111. What is the units digit of ((-23)/(-3))/(13/y)?
3
Let q(l) = -9 + 0*l - 7*l + 3*l - 18. Let t be q(16). Let z = -13 - t. What is the tens digit of z?
7
Suppose -208 = 5*a - 83. Let w = a - -96. Let b = w + -50. What is the units digit of b?
1
Suppose 4*v = 46 + 26. Let j(o) = 13 + o + 15*o**2 - o**3 + 3*o - v*o. What is the units digit of j(14)?
3
Suppose 23*g - 72 = 24*g. Let a = g - -277. What is the units digit of a?
5
Suppose 2*v = -2*q + 4, -47 + 15 = -4*q + 2*v. Suppose -q*p - 9 = -5*p. What is the tens digit of (-384)/(-27) + 2/p?
1
Let w(r) = 2*r - 10. Let l be w(8). Let y = 2 + l. Let b = y + -3. What is the units digit of b?
5
Let o = 269 - -75. What is the tens digit of o?
4
Suppose -4*f + 180 = -0*c + 2*c, 5 = f. What is the units digit of c?
0
Let n be 5/((-15)/(-33)) + 4. What is the units digit of 6/(-9) - (-190)/n?
2
What is the hundreds digit of (7 - 6)*2069/1?
0
Suppose 125*w - 81*w - 206052 = 0. What is the hundreds digit of w?
6
Let i = 51 + 9. What is the tens digit of i?
6
Let m(k) = 2*k + 17. Let h be m(0). Let r = h - 35. What is the tens digit of (-1 - -4) + (2 - r)?
2
Let d(o) = -o**3 + 4*o**2 + 2*o - 17. Let i be d(7). Let c = -89 - i. What is the units digit of c?
1
Let j = 11 - 8. What is the units digit of 1 + -3 + j - (4 - 77)?
4
Let g be 35/(-15) + 3 - (-28)/(-6). What is the units digit of (112/g)/(2/(-9))?
6
Let z = 9 + -4. What is the units digit of z/(-4) - 837/(-36)?
2
Let u(b) = 4*b - 9. Let c be u(4). Let f(d) = 11*d + 7. Let x be f(c). Suppose 0 = -0*w - 4*w + x. What is the tens digit of w?
2
Let z = -33 - -33. Suppose -5*a + a + 200 = z. What is the units digit of a?
0
Let c(y) = -71*y**2 + 2*y + 1. Let r be c(-1). Suppose 0 = -2*k - 2*u - 102, 4*u - 46 = -0*k + k. Let l = k - r. What is the tens digit of l?
2
Let a = -3 - -8. Suppose 2*x - x - 3*g - 9 = 0, -a*x - 3*g = 9. Suppose x*i - 78 = -2*i. What is the units digit of i?
9
Suppose 4 = -g + f, -4*f + 7*f + 16 = -g. What is the units digit of (-214)/(-10) - (g/(-5) - 2)?
2
Let b(l) = -3*l + 12. Let i be b(-4). What is the hundreds digit of ((-2682)/i)/(-6*3/48)?
2
Let m(x) = -x**2 + 17*x - 28. Let l be m(15). Suppose 4*h - 5*h - n + 176 = 0, -l*n - 692 = -4*h. What is the units digit of h?
4
Let n(y) be the third derivative of -4*y**2 + 0 + 0*y**4 + 0*y - 5/6*y**3 + 1/12*y**5. What is the units digit of n(4)?
5
Suppose 3*z + 5*o = 672, z - 209 = 4*o + 15. What is the hundreds digit of z?
2
Suppose 364 = 22*t - 2100. What is the tens digit of t?
1
Let g(m) = 4*m + 2. Let j be g(-2). Suppose p + 2*w = 8, 3*p + 2*p - 73 = w. Let o = j + p. What is the units digit of o?
8
Let y(z) = -272*z + 23. What is the hundreds digit of y(-1)?
2
Suppose -11592 = -30*j - 16*j. What is the hundreds digit of j?
2
Let s(d) = -d + 9. Suppose -25 + 1 = -3*g. Let f = g + -8. What is the units digit of s(f)?
9
Let t be ((-1)/(-3))/(3/(-45)). Let r(j) = -3*j**2 + j + 8. Let o(n) = -7*n**2 + n + 17. Let v(l) = t*r(l) + 2*o(l). What is the tens digit of v(-7)?
6
Let a(o) = -o**3 - 18*o**2 + 32*o + 29. Let c(p) = -3*p - 53. Let r be c(-11). What is the units digit of a(r)?
9
Let m(o) = -1045*o - 100. What is the tens digit of m(-3)?
3
Let a = -29 + 8. Let w be -4 - -1*(34 + -4). Let m = w + a. What is the units digit of m?
5
Let s = 4 + -3. Suppose 0 = k - 4 + s. Suppose 6*v - k*v - 18 = 0. What is the units digit of v?
6
Let g be (-3 + 1)/((-12)/(-66)). Let s(i) = i**3 + 11*i**2 - i - 9. Let a be s(g). Suppose 11 = -a*y + 3*y - b, b = -2*y + 7. What is the units digit of y?
6
Suppose -5*s + 243 = -2*s. Let l = s + -50. What is the units digit of l?
1
Let t(h) = -h**2 - 5*h + 3. Suppose 0*z = -3*z - 18. Let d be t(z). Let b(a) = -a**3 - 1. What is the units digit of b(d)?
6
Let z be 344/(-56) + 1/7. Let s(h) = -4*h - 15. What is the units digit of s(z)?
9
Let t(l) = l**2 + 25*l + 61. What is the tens digit of t(-25)?
6
Suppose -4*c + 6*c - 1466 = 2*p, -5*c + 4*p + 3670 = 0. What is the units digit of c?
8
Suppose -p = -2*y - 4566, -2*p - 7*y + 9129 = -10*y. What is the tens digit of p?
6
Let v(a) be the third derivative of -a**4/12 + 25*a**3/6 - 2*a**2. What is the tens digit of v(-21)?
6
Suppose -90*z + 65*z = -57075. What is the hundreds digit of z?
2
Let n = -27 + 41. Suppose 3*w = -2*q - 5 + n, 0 = q - w - 2. What is the units digit of (-14)/(-21) + 67/q?
3
Suppose 0 = -5*d - 2*u - 7 + 108, -4*d = 5*u - 74. Suppose -4*b - 7 = 5, -4*b - d = 3*v. What is the tens digit of ((-120)/18)/(1/v)?
2
Suppose -5*f + 489 = 2*z, 1043 = 4*z - 0*f - 3*f. What is the hundreds digit of z?
2
Let w(r) = -20*r + 1. Suppose 3*o + 2 - 38 = -4*y, -4*y = 2*o - 24. Let c(p) = -p**3 + 12*p**2 - 1. Let x be c(o). What is the units digit of w(x)?
1
Suppose a + a - 5*j = 456, -5*a + 2*j + 1161 = 0. Suppose -2*l = k - 0*k - 109, 0 = -2*k + l + a. What is the hundreds digit of k?
1
Let i(r) = 6*r**3 + 7*r**2 - 15*r + 45. What is the tens digit of i(7)?
4
Let f(l) = 1. Let v(o) be the second derivative of o**4/12 + o**3/3 + 10*o**2 - 3*o. Let x(g) = -3*f(g) + v(g). What is the units digit of x(0)?
7
What is the hundreds digit of 573349/133 + 14/133?
3
Let r(g) = -16*g + 8. Let s be r(-2). What is the units digit of -3 + s + 2/(-2)?
6
Let k(w) = -w**3 + 10*w**2 - 11*w - 6. Let g be k(4). Suppose -20 = -4*v + 6*v. What is the units digit of (g/v)/(3/(-15))?
3
Let g(x) = x**3 + 10*x**2 - 9*x - 14. What is the tens digit of g(-9)?
4
Suppose -15 = -5*h - 5, 0 = -3*l + 3*h + 60. Suppose -3*z - l = -55. Let i = -5 + z. What is the units digit of i?
6
Let q be (-2)/1 + (1 - -9). Let d = 96 + q. What is the hundreds digit of d?
1
Suppose 0 = 2*w - 7 + 1. Suppose -3*r + 319 = -4*m, m - 2 = 3*m. Suppose -30 + r = w*q. What is the tens digit of q?
2
Suppose 3*w + w - 6748 = 0. Suppose 259 = 14*m - w. What is the hundreds digit of m?
1
Let v(r) = -100*r - 41. What is the tens digit of v(-6)?
5
Suppose -